visor of n and 4?
4
Let c be 1 + -1 + -1 + 17. Let i = 39 - 35. What is the greatest common factor of i and c?
4
Let t be (-3)/(3 + -4) + 3. Suppose 4*n - 156 + 46 = -3*u, -5*u + n = -145. Calculate the highest common divisor of u and t.
6
Suppose -3*c = 10 - 172. Suppose 8 = b + 2. Calculate the greatest common divisor of b and c.
6
Suppose 8*c - 265 = -17. Calculate the highest common divisor of 186 and c.
31
Let s be -6 + 2 + 6 + 0. What is the greatest common factor of 8 and s?
2
Let u = 9 - 2. Let s(o) = 17 - 4*o + 5*o - 19. Let f be s(u). What is the greatest common divisor of 5 and f?
5
Suppose -2*l - 3*d = -47, 2*l + 0*l = -2*d + 42. Suppose 0 = 4*r + 5 - 1, 3*r = -i + 5. Calculate the highest common factor of i and l.
8
Suppose -3*x + 435 = -3*u, -2*x = -4*x + 3*u + 292. Calculate the highest common factor of 13 and x.
13
Suppose 5*m = -3*s + 43, m + 0*s - 11 = -3*s. Suppose 4*d = -2*d + 432. Calculate the highest common factor of m and d.
8
Suppose -5*w + 44 = -v, 0*v - v + 19 = 2*w. Let p(z) = 2*z**2 - 2*z + 1 + 2*z + 6*z. Let g be p(5). What is the highest common factor of w and g?
9
Let l = -23 - -24. Suppose 4*j - 14 = -v + l, -3*v = 2*j - 25. What is the highest common factor of 7 and v?
7
Suppose s - 184 = 64. Calculate the highest common factor of 31 and s.
31
Let z(v) = 2*v**3 + 4*v**2 - 2*v - 2. Let j be z(2). Let h(i) = -i**2 - 18*i + 32. Let x be h(-19). Calculate the greatest common divisor of j and x.
13
Let n = -25 - -45. What is the highest common factor of n and 10?
10
Suppose -3*z = 4*d - 5*d - 137, 4*z - 2*d = 184. Let x = 21 - 12. What is the greatest common divisor of z and x?
9
Let h(k) = -4*k**3 + 2*k - 1. Let j be h(1). Let s be -4 + j + 47 - 0. What is the highest common factor of 4 and s?
4
Let b(k) = -k**3 + k**2 + k + 2. Let g = 3 + -5. Let u be b(g). What is the highest common factor of 30 and u?
6
Suppose c - d - 143 = 0, -c + 680 = 4*c + 2*d. Let i = 58 + c. Calculate the highest common factor of 28 and i.
28
Let q(i) = i - 9. Let y be q(7). Let h = y - -4. Calculate the greatest common divisor of h and 8.
2
Let u = 22 - 16. Let k be (-26)/(-4) + u/4. What is the highest common divisor of 16 and k?
8
Let t be (2 - 3 - -3) + 6 + -1. What is the highest common divisor of t and 77?
7
Let n = 50 + 38. What is the highest common divisor of n and 11?
11
Let t(j) = -j + 83. Let l be t(13). Calculate the greatest common divisor of 30 and l.
10
Suppose 3*c - 47 - 71 = -2*i, -2*i = -4. Let j = -7 - -26. Let b be (15/5)/(1/j). Calculate the greatest common divisor of b and c.
19
Suppose 4*u - 315 = -u. Let g be 5/(-3) + (-9)/27. Let f be (g/6)/(2/(-54)). What is the greatest common factor of f and u?
9
Let p(o) = -4*o + 2. Let s be p(-5). What is the highest common divisor of s and 55?
11
Let m = 42 + 21. Suppose 4*n = -2*o + 22, -5*n + 4*o + 2 = -45. What is the highest common factor of n and m?
7
Let u = 0 - -5. Calculate the greatest common divisor of 25 and u.
5
Let b be 23/(-3)*(-7 - -4). What is the highest common factor of b and 23?
23
Let v be -1 + -1 + -2 + 144. What is the highest common divisor of 20 and v?
20
Let a = 26 + -38. Let h be ((-80)/a)/(1/3). Calculate the highest common divisor of h and 5.
5
Suppose -5*p = -208 - 82. Let f = 130 - p. What is the highest common factor of 8 and f?
8
Let l = 1 + 9. Calculate the highest common divisor of 90 and l.
10
Let i = -77 - -51. Let s = -11 - i. Let z(v) = 29*v - 9. Let n be z(6). Calculate the highest common divisor of s and n.
15
Let q(v) = -88*v**3 + v**2 + 2*v. Suppose 0 = 2*u + u + 6. Let p be q(u). Suppose p = 6*m - 2*m. Calculate the greatest common divisor of 16 and m.
16
Let o(h) = -2*h**2 + 3*h + 3. Let c be o(3). Let k be (-25)/10*c/5. Let f be 3 + k/(-3) + 68. What is the highest common factor of f and 10?
10
Let z = -15 - -162. Calculate the greatest common divisor of z and 21.
21
Let j be (0 - -1)*(6 + -3). Suppose 0 = n - d - d - j, d - 3 = -4*n. What is the greatest common divisor of 4 and n?
1
Let n be ((-4)/1)/(6/(-33)). Let d = 40 - n. Calculate the highest common factor of 2 and d.
2
Let o(i) = -i**3 + 5*i**2 + 5*i + 8. Let z be o(6). Suppose -4*b + b = q - 14, q + 11 = z*b. Calculate the greatest common factor of b and 15.
5
Suppose -273 = -6*a + 525. Calculate the highest common divisor of 19 and a.
19
Let w = -81 + 91. Calculate the greatest common divisor of 220 and w.
10
Suppose -5*l + 504 = -9*b + 5*b, 4*l - 399 = -b. Calculate the highest common factor of l and 50.
50
Let c = -26 + 80. Calculate the highest common divisor of c and 6.
6
Suppose 7*q = 2*q + 70. Let t be (-4)/((-64)/28)*20. What is the greatest common factor of q and t?
7
Suppose -6*y = 9*y - 930. Calculate the highest common factor of 93 and y.
31
Let w be 40 + -3 + -2 + 4. Calculate the greatest common factor of 13 and w.
13
Suppose 634 + 46 = 5*f. Let q(o) = -8*o + 113. Let t be q(12). Calculate the highest common divisor of f and t.
17
Let b(z) = -3*z + 2. Suppose 2*a + 3*a - 30 = 0. Suppose a*v + 8 = 2*v. Let j be b(v). Calculate the greatest common factor of j and 64.
8
Let l be 2/5*(-1 + 11). Suppose 4*v = v + l*w + 86, 4*w = -3*v + 94. What is the highest common divisor of v and 75?
15
Suppose 6 = g - 0*g. Suppose -2*d = -p + 17, -4*p = -0*d - 5*d - 56. What is the highest common factor of p and g?
3
Let h be ((-85 + -3)/4)/((-2)/2). What is the highest common divisor of 55 and h?
11
Suppose -36 = -2*k + 4*o, o - 90 = -5*k + 6*o. What is the highest common factor of k and 24?
6
Let i be -1*(9 + 1 + -3). Let t = i + 11. Suppose m - 37 = -0*m + 5*u, t*m = -3*u + 171. Calculate the greatest common divisor of 21 and m.
21
Suppose -19*o - 16 = -23*o. Calculate the greatest common divisor of 28 and o.
4
Let m(d) = -d**2 - d + 3. Let v be m(0). Suppose -3*n + 18 = -v*j, -4*j = 2*n - 17 - 19. What is the greatest common factor of n and 100?
10
Suppose 3*q + 24 = 7*q. Calculate the greatest common factor of q and 66.
6
Suppose l + l - 4*y = 8, -5*l + 20 = y. Suppose 4*g - 2*f = 22, l*f + 7 + 12 = 3*g. What is the greatest common factor of g and 15?
5
Let m = -11 - -23. Let r(u) = 3*u - 6. Let k be r(m). What is the highest common factor of k and 60?
30
Let r(l) = 23*l + 277. Let u be r(-11). Let j = -3 + 0. Let h be j/(-2)*(-16)/(-3). Calculate the greatest common divisor of u and h.
8
Suppose 0 = 2*u + 5 - 49. Calculate the highest common divisor of 33 and u.
11
Suppose 29*n + 10 = 30*n. Calculate the highest common factor of 40 and n.
10
Let o(n) = n**3 - 2*n**2 - n - 1. Let w be o(3). Suppose 0 = -5*c + 5*a + 40, -4 = 3*a + w. Let x = c + 3. What is the greatest common divisor of x and 12?
4
Let a = 33 + 21. What is the highest common factor of a and 81?
27
Let a be 2/(-2)*(-18 + -1). Let f be (-1)/(-4) - 3486/(-8). Let j = -227 + f. Calculate the highest common factor of a and j.
19
Let i be 2*-5*(-4 - -3). Calculate the highest common factor of 5 and i.
5
Let z = 33 + -19. Let u(b) = 8*b**2 + 2*b + 1. Let c be u(7). Suppose -519 = -4*g - 5*o, 3*g + 5*o - c = -14. What is the greatest common factor of g and z?
14
Let n = 111 + -105. Suppose l - 8 - 2 = 0. Suppose 5*v = 3*f + 6, -f - 3*v + 2 + l = 0. What is the greatest common factor of f and n?
3
Let r(s) = s**3 - 8*s**2 + 6*s - 24. Let b be r(8). What is the highest common divisor of 36 and b?
12
Suppose 6*s - 1089 = 3*s. What is the greatest common factor of s and 33?
33
Let v(b) = -b**2 - 9*b + 8. Let u be v(-7). What is the highest common factor of u and 11?
11
Suppose 6*t - 15 = -3. Calculate the highest common factor of 6 and t.
2
Let u = -3 - -6. What is the highest common divisor of 15 and u?
3
Suppose 0 = 3*i - 25 + 7. Suppose -3*z + 132 = -2*f, 4*z - 127 = 5*f + 56. Calculate the highest common divisor of z and i.
6
Suppose 0 = 5*c - 100 + 15. Calculate the greatest common divisor of c and 85.
17
Suppose 0*h + 7*h = 105. Suppose -3*b + 25 = 2*b. Calculate the greatest common factor of h and b.
5
Suppose -4 = -3*q + 53. Suppose -627 = -3*s - 0*s. What is the greatest common factor of q and s?
19
Let v(z) = 7*z**3 + 7*z**2 + 3*z - 1. Let l(w) = -w**3 - w**2 - w. Let n(u) = 6*l(u) + v(u). Let t be n(-2). What is the greatest common divisor of 5 and t?
1
Suppose 4*i - 5*i = -10. What is the highest c